lue of (5 - -1) + -2 + -4?
0
Calculate 6 - (-5 + 1 - -8).
2
-2 + (1 - 4) + (-83 - -82)
-6
What is (2 - 2) + 3 - 1?
2
What is the value of (7 - 2) + 0 - 0?
5
What is the value of 2 - 3 - (3 - 1 - 6)?
3
(-1 - -2) + (-55 - -52) + -4
-6
What is 5 + 1 + 7 + -9?
4
Evaluate -2 - -15 - (72 + -65).
6
1 + 9 + 3 + -18
-5
-7 + 21 + (-25 - -16)
5
4 - (3 + (4 - 8)) - 3
2
Evaluate -8 + (-3 + 1 - -4) + 0.
-6
What is the value of -5 + -3 + (3 - (-2 - 1))?
-2
Calculate (0 - 5) + 32 + -29.
-2
What is 3 + (-1 - (-6 + 4))?
4
Calculate -4 + 0 + 4 - (2 + 1).
-3
1 - (3 - (1 + -4))
-5
Calculate -10 + 11 + -5 - 3.
-7
Evaluate (-3 + 4 - -2) + -2.
1
What is the value of -2 + (-13 - -5 - -3)?
-7
What is 1 - (-4 + (4 - 1) + 4)?
-2
What is the value of -5 + 2 + (0 - 2)?
-5
Evaluate -7 + (-7 - -7) + -2 + 8.
-1
(3 - -1) + -6 - -7
5
What is 17 + -25 + (1 - -6)?
-1
Evaluate -1 + 1 - (0 + 3 + -6).
3
-16 + 13 + 4 + 2 - 0
3
2 + (8 + -6 - 1 - -1)
4
What is the value of 2 + 1 + -3 - (-14 - -7)?
7
What is 4 - 3 - (-4 - (-1 + -1))?
3
Calculate 0 + -5 + -6 + 15.
4
Evaluate 1 - -8 - (-93 - -105).
-3
Evaluate (-7 - -17 - 4) + -4.
2
What is the value of -1 - (6 + -14 + 6 + 3)?
-2
Evaluate -9 - (-7 + 12 + -15).
1
Evaluate 4 + 3 + -3 + (1 - 2).
3
Calculate -10 + 12 - (14 + -6 + 3).
-9
Calculate 0 + (-26 - -21 - (3 - -1)).
-9
Calculate -6 - (3 - 6 - 1).
-2
1 + 1 + 1 + 1
4
-4 + (0 - -1) + 0
-3
(3 - (5 - 1)) + -2
-3
1 - 1 - (22 + -19)
-3
Evaluate -4 + -2 + 0 - -4.
-2
Evaluate 10 + -4 - 4 - 0.
2
What is the value of 4 + -2 + (-7 - -6)?
1
Calculate 8 + -1 + (-2 - 2).
3
What is the value of -19 - ((22 - 12) + -22)?
-7
4 - (23 + -12) - 1
-8
What is the value of 4 + -10 + (12 - 2 - 5)?
-1
What is the value of 8 - 8 - (-8 - -1)?
7
Calculate 4 + 1 + -2 + 3 + -1.
5
-6 + (1 - 0) + 3
-2
What is 0 + 2 - (-7 - (-11 - -2))?
0
Calculate 1 - (0 + -6 + -4) - 4.
7
-5 + 5 + -6 + 5 + -8
-9
Evaluate 4 + 5 + -2 + -6 + -4.
-3
(2 - -5) + (20 - 31)
-4
Calculate -4 + (-1 + 3 - (7 - 6)).
-3
Calculate 4 - ((4 + -5 - -6) + 6).
-7
What is 8 - ((8 - 5) + 10)?
-5
What is (-5 - (-13 - -6)) + 2?
4
What is the value of -1 + -1 - (-8 - -9 - 1)?
-2
Calculate 4 - (0 + -1 + -3 + 4).
4
What is -5 + 5 - (-1 + 3)?
-2
-2 + (7 - (-2 - -6)) + -10
-9
Evaluate 9 + (-5 - (5 - (3 + 4))).
6
What is -6 - -4 - (-1 - -4)?
-5
What is -2 + 1 - (0 - 2 - 0)?
1
Evaluate (1 + -1 - 0) + -51 + 56.
5
Calculate (2 - -5) + -2 + 0.
5
Calculate 7 + -5 - (-4 + 1).
5
4 - (7 - 2 - -3)
-4
What is the value of (-12 - -14) + (5 - 2) + -9?
-4
Evaluate (-20 - -7) + 16 - (1 - 0).
2
What is the value of (0 - 2) + (48 - 53) - -10?
3
Calculate -61 + 54 + -1 + 3.
-5
Calculate 0 + -4 + (-1 + 0 - -9).
4
What is 5 - (-1 - (-4 - -1)) - 6?
-3
What is the value of 4 + 1 - 0 - 0?
5
What is 0 + (-2 - -2) - -2?
2
Evaluate -1 + 1 + 31 + -18 + -16.
-3
Calculate 0 - (2 + 0 - (-2 - 3)).
-7
7 + (0 - -1) + -5
3
What is the value of 1 + 2 + -3 + 5?
5
Calculate 3 + -6 + -2 - 2 - -3.
-4
Calculate 2 + (18 - 22) + 0 + 2.
0
What is 2 + -1 + 1 + -2 - 0?
0
What is 0 + -1 - (-3 + 6) - 1?
-5
What is the value of 8 - (-7 - (4 + (-9 - 4)))?
6
Evaluate -2 + (5 + 0 - (2 + 4)).
-3
Calculate (18 - 6) + -1 + 4 + -11.
4
What is 2 - 1 - (9 + -6)?
-2
Evaluate 5 + -9 + 6 + -5.
-3
Calculate -5 + -2 + 0 + (1 - -2).
-4
19 + -14 - 4 - (1 + -3)
3
What is the value of 3 + 3 - (70 + -60)?
-4
Calculate -1 + -1 + 2 + -1.
-1
What is -2 + -1 - (3 + 9 + -8)?
-7
Evaluate -2 - (-3 - -4 - 3).
0
Evaluate -13 - (10 - -3 - 7 - 11).
-8
Evaluate 1 + (2 - 4) + 4.
3
What is -16 + 6 + (5 - 1)?
-6
What is the value of 4 - (-13 + 11) - (7 + 1)?
-2
(13 - 20) + (-4 - -7)
-4
Calculate -2 + 2 + -3 - (-1 - 1).
-1
What is the value of -5 + -1 + 3 + 7?
4
(-27 - -19) + (1 - -3)
-4
(13 - 20) + -3 - -8
-2
Calculate 24 - 32 - (-4 - -1).
-5
What is (12 - 1 - 6) + -6?
-1
Evaluate 3 + 0 + -2 + -3 - -8.
6
Calculate 9 - (16 + -7) - 3.
-3
(-3 - 0 - -5) + 7 + -4
5
What is -7 + (-1 - -13) + 0?
5
What is (0 - (1 + 3)) + (7 - 0)?
3
Calculate -1 + 1 + 1 + 2.
3
Evaluate 2 + -2 + 3 + -3.
0
Evaluate (-3 + 7 - 3) + -2.
-1
Evaluate -2 - -11 - (3 + 2) - -4.
8
What is the value of (1 - (3 + 0)) + -17 + 17?
-2
Calculate (2 - -2 - 3) + -4.
-3
What is -3 - -5 - -3 - (0 - -7)?
-2
Calculate 6 + (-3 - 0) + (18 - 21).
0
Evaluate 1 - (-4 - (-1 - 4) - -2).
-2
What is the value of 6 + 0 - (-64 - -72)?
-2
Evaluate -9 - -7 - -4 - 6.
-4
1 + (-1 + -7 - -7)
0
What is -5 + 1 + (7 + -5 - -2)?
0
Evaluate (-8 - -6) + (-4 - (-2 + 1)).
-5
What is the value of (6 - 12 - 3) + 11?
2
Calculate -8 + -2 + (15 - 7).
-2
What is (-2 - (-8 - -3)) + -6?
-3
What is -6 + 1 - (16 + -17)?
-4
Calculate 2 - 2 - (1 + -2 + 2).
-1
What is the value of -4 + (5 - -3 - -3)?
7
Evaluate -11 + 3 + (-24 - -21) - -7.
-4
1 + (3 + -1 + -1 - -1)
3
What is the value of (13 + -7 - -1) + -11?
-4
What is the value of -1 + 2 + (-75 - -80)?
6
Calculate 5 - (-4 + 1) - 2.
6
0 - (9 + 3 + -7)
-5
What is -6 - (0 + (-1 - 2))?
-3
What is -2 - -1 - (0 + -1 + -5)?
5
What is the value of 0 + 0 - (0 - -3 - 2)?
-1
What is the value of (-3 - 1) + (-50 - -45)?
-9
Evaluate 1 + 3 + (-14 - -10).
0
What is (35 - 32) + -4 + 1?
0
Evaluate (-5 - (-4 - -2)) + 6.
3
-4 + 3 + -4 + 3 + 2
0
Calculate -9 - 0 - (0 + -4).
-5
Evaluate (-4 - (0 - 4)) + (0 - -4).
4
What is the value of 21 - (32 - 11) - (0 + 7)?
-7
Calculate 5 + (-9 - -13) + -2.
7
What is the value of (-8 - -4) + 4 + -9 + 3?
-6
What is the value of -6 + 5 - (-5 - 1)?
5
What is (2 - 9) + 6 + (2 - 3)?
-2
What is 23 - 10 - (-3 + 19)?
-3
3 - (-3 + 11) - 1
-6
Evaluate 7 - (-5 - -2 - -7).
3
1 + -6 + 6 - (-7 - -3)
5
Evaluate 23 - 27 - (-2 + 0) - -5.
3
What is -1 - (-2 - (4 - 2)) - 3?
0
What is -5 + 2 + 4 + 1 + 1?
3
Calculate 2 + (-4 + -1 - (-7 + 1)).
3
What is 1 - (5 + 3 - 6 - -8)?
-9
-13 + -5 - -7 - -9
-2
4 - (3 + 5) - -2
-2
What is the value of 2 + 3 + -9 - -3?
-1
Calculate 3 + 0 - (1 - -4).
-2
Calculate (5 - 26) + (-17 - -30).
-8
Calculate (1 - -1) + 0 + (5 - 2).
5
What is -3 - (8 + (-3 - 0) + -3)?
-5
Evaluate -2 + (11 - 7 - 3) + 2.
1
What is -1 - (1 - (4 + (4 - 11)))?
-5
Calculate 2 + (1 - (-1 + 3) - 1).
0
Evaluate 19 - 18 - (4 - 1).
-2
What is 0 + 2 + 6 + 6 + -9?
5
What is the value of -5 + 7 - (5 - (1 - 2))?
-4
What is the value of 8 + -10 + (-9 - -17)?
6
Calculate (-3 - -5) + (-2 - 1).
-1
-4 + 7 + -11 + 3 + -1
-6
What is 4 - ((-9 - 3) + 7)?
9
(6 + (-5 - -4) - 2) + -2
1
Calculate (13 - (5 - 3)) + -6.
5
Evaluate 8 - (1 + (0 - -2)).
5
What is 11 + (3 - 7) - (1 - -2)?
4
What is -3 + (19 - 15 - (0 - -1))?
0
What is 0 + (-4 - 8) - -3?
-9
Evaluate (8 - 6) + 0 + 5.
7
What is the value of -4 - ((-16 - -2) + 7)?
3
Calculate 0 + -2 + 2 - (-63 + 66).
-3
Calculate (9 + 0 - (19 + -14)) + -1.
3
Evaluate (-2 + 0 - 2) + (6 - 6).
-4
Calculate (9 - 4 - 4) + 1 - 1.
1
13 + -7 - 15 - (-3 - 1)
-5
Evaluate 0 + (-2 - 0) - -4.
2
What is the value of (-7 - -2) + 9 + -4?
0
Calculate -5 + -3 + (2 - -3).
-3
Evaluate (-2 - -3) + 5 + -7 + 3.
2
5 - 11 - (-3 - (-5 - -2))
-6
Evaluate -6 + -3 - (1 - 13).
3
5 - (2 + (-5 - -6)) - 5
-3
What is the value of -9 - (-12 + 4) - (-2 + 3)?
-2
-4 - ((-2 - (4 + -1)) + 5)
-4
12 - (-1 - -17) - -4
0
What is the value of -1 + (1 - 5) - 0?
-5
What is -1 - (-2 + 10 + -13)?
4
Calculate -4 + -5 + 11 - 0.
2
9 + (1 - 6) - (1 - 1)
4
Evaluate (3 - (-2 + 4)) + -3.
-2
1 + -6 + 2 + (4 - 1)
0
What is the value of 12 + -4 + (-8 - -15 - 5)?
10
-1 - (-8 + 4 - -2) - 3
-2
(5 - 3) + 2 + -6
-2
What is (3 - 5 - 0) + 6 - 9?
-5
Calculate (-2 - -13) + -15 + 11.
7
Evaluate -4 - -1 - (2 + -7).
2
Calculate -3 - (0 + -1 + -7).
5
-5 + (-5 - -3 - 0)
-7
Calculate -7 + -11 + 12 - -2.
-4
Calculate -8 + (-1 - -9) + (9 - 12).
-3
What is the value of 2 + (8 - 3) + -7 + 3?
3
Calculate -3 + (-5 + -1 + 3 - -11).
5
What is the value of 17 - 24 - (-3 - 4)?
0
What is -23 + 27 + (-15 - -2) + 2?
-7
What is the value of 3 - (-3 + (-8 - -13))?
1
Calculate -14 + 14 + (0 - -5) + -9.
-4
What is 10 + (-2 - -3) + -6 - 4?
1
Evaluate (-11 - (-19 - -7)) + -1 + 6.
6
What is 1 - -3 - (-2 - -3)?
3
What is the value of -2 + 4 + (-2 - 3) + 8?
5
Evaluate (-7 - 1) + 6 - 2.
-4
What is 7 + (-1 - 1 - (-61 + 58))?
8
What is the value of (3 - -3) + (4 - 13)?
-3
Calculate (-10 - (9 - 11)) + 0 + 3.
-5
What is 15 + 8 + -19 - (1 - 1)?
4
-33 - -25 - (-22 - -5)
9
-4 - (1 - 0 - (1 - 1))
-5
What is the value of -9 + -1 + (-2 - (6 - 12))?
-6
(-7 - -1